{"id":844,"date":"2023-05-19T17:49:52","date_gmt":"2023-05-19T22:49:52","guid":{"rendered":"https:\/\/takari.com.co\/disfraces-cosplay\/?page_id=844"},"modified":"2025-09-17T13:46:57","modified_gmt":"2025-09-17T18:46:57","slug":"sobre-nosotros","status":"publish","type":"page","link":"https:\/\/takari.com.co\/disfraces-cosplay\/sobre-nosotros\/","title":{"rendered":"Sobre-Nosotros"},"content":{"rendered":"\n\n  <div class=\"banner has-hover has-parallax\" id=\"banner-574704001\">\n          <div class=\"banner-inner fill\">\n        <div class=\"banner-bg fill\" data-parallax=\"-2\" data-parallax-container=\".banner\" data-parallax-background>\n            <div class=\"bg fill bg-fill \"><\/div>\n                                    \n                    <\/div>\n\t\t\n        <div class=\"banner-layers container\">\n            <div class=\"fill banner-link\"><\/div>            \n\n   <div id=\"text-box-1793061141\" class=\"text-box banner-layer x50 md-x50 lg-x50 y50 md-y50 lg-y50 res-text\">\n                                <div class=\"text-box-content text dark\">\n              \n              <div class=\"text-inner text-center\">\n                  \n\n<h3 class=\"uppercase\"><strong>Sobre Nosotros<\/strong><\/h3>\n<div class=\"is-divider divider clearfix\" ><\/div>\n\n\n              <\/div>\n           <\/div>\n                            \n<style>\n#text-box-1793061141 {\n  width: 60%;\n}\n#text-box-1793061141 .text-box-content {\n  font-size: 100%;\n}\n@media (min-width:550px) {\n  #text-box-1793061141 {\n    width: 68%;\n  }\n}\n<\/style>\n    <\/div>\n \n\n        <\/div>\n      <\/div>\n\n            \n<style>\n#banner-574704001 {\n  padding-top: 200px;\n}\n#banner-574704001 .bg.bg-loaded {\n  background-image: url(https:\/\/takari.com.co\/disfraces-cosplay\/wp-content\/uploads\/sites\/2\/2025\/09\/artboard-15fondo.jpg);\n}\n#banner-574704001 .ux-shape-divider--top svg {\n  height: 150px;\n  --divider-top-width: 100%;\n}\n#banner-574704001 .ux-shape-divider--bottom svg {\n  height: 150px;\n  --divider-width: 100%;\n}\n<\/style>\n  <\/div>\n\n\n\t<section class=\"section\" id=\"section_455801227\">\n\t\t<div class=\"bg section-bg fill bg-fill  bg-loaded\" >\n\n\t\t\t\n\t\t\t\n\t\t\t\n\n\t\t<\/div>\n\n\t\t\n\n\t\t<div class=\"section-content relative\">\n\t\t\t\n\n<div class=\"row row-collapse align-middle\"  id=\"row-1210958719\">\n\n\n\t<div id=\"col-1004879380\" class=\"col medium-12 small-12 large-6\"  >\n\t\t\t\t<div class=\"col-inner\"  >\n\t\t\t\n\t\t\t\n\n<div class=\"row\"  id=\"row-1445571763\">\n\n\n\t<div id=\"col-1291603482\" class=\"col medium-12 small-12 large-10\"  >\n\t\t\t\t<div class=\"col-inner\"  >\n\t\t\t\n\t\t\t\n\n\t<div id=\"text-1090148686\" class=\"text\">\n\t\t\n\n<h2>Takari<\/h2>\n\t\t\n<style>\n#text-1090148686 {\n  font-size: 1.5rem;\n}\n<\/style>\n\t<\/div>\n\t\n<p>Somos Takari una tienda en l\u00ednea de productos con esp\u00edritu joven. Tenemos un portafolio mixto con productos importados y producci\u00f3n local, apoyando a trabajadores y profesionales locales, con materias primas locales. Nuestro objetivo es crear productos con un valor agregado en el dise\u00f1o.<\/p>\n<div class=\"is-divider divider clearfix\" style=\"margin-top:1.5em;margin-bottom:1.5em;max-width:150px;background-color:rgb(194, 220, 230);\"><\/div>\n\n<div class=\"row row-small\"  id=\"row-2098115615\">\n\n\n\t<div id=\"col-477198638\" class=\"col medium-6 small-12 large-6\"  >\n\t\t\t\t<div class=\"col-inner\"  >\n\t\t\t\n\t\t\t\n\n\n\t\t<div class=\"icon-box featured-box icon-box-top text-left\"  >\n\t\t\t\t\t<div class=\"icon-box-img\" style=\"width: 40px\">\n\t\t\t\t<div class=\"icon\">\n\t\t\t\t\t<div class=\"icon-inner\" >\n\t\t\t\t\t\t<img loading=\"lazy\" decoding=\"async\" width=\"96\" height=\"96\" src=\"https:\/\/takari.com.co\/disfraces-cosplay\/wp-content\/uploads\/sites\/2\/2025\/09\/group-line-1.png\" class=\"attachment-medium size-medium\" alt=\"\" \/>\t\t\t\t\t<\/div>\n\t\t\t\t<\/div>\n\t\t\t<\/div>\n\t\t\t\t<div class=\"icon-box-text last-reset\">\n\t\t\t\t\t\t\t\t\t\n\n<h3>L\u00edneas de producto<\/h3>\n<p>Tenemos l\u00edneas de deportes, tecnolog\u00eda, disfraces y ropa.<\/p>\n\n\t\t<\/div>\n\t<\/div>\n\t\n\t\n\n\t\t<\/div>\n\t\t\t\t\t<\/div>\n\n\t\n\n\t<div id=\"col-1382372710\" class=\"col medium-6 small-12 large-6\"  >\n\t\t\t\t<div class=\"col-inner\"  >\n\t\t\t\n\t\t\t\n\n\n\t\t<div class=\"icon-box featured-box icon-box-top text-left\"  >\n\t\t\t\t\t<div class=\"icon-box-img\" style=\"width: 40px\">\n\t\t\t\t<div class=\"icon\">\n\t\t\t\t\t<div class=\"icon-inner\" >\n\t\t\t\t\t\t<img loading=\"lazy\" decoding=\"async\" width=\"120\" height=\"120\" src=\"https:\/\/takari.com.co\/disfraces-cosplay\/wp-content\/uploads\/sites\/2\/2025\/09\/stack-line-1.png\" class=\"attachment-medium size-medium\" alt=\"\" srcset=\"https:\/\/takari.com.co\/disfraces-cosplay\/wp-content\/uploads\/sites\/2\/2025\/09\/stack-line-1.png 120w, https:\/\/takari.com.co\/disfraces-cosplay\/wp-content\/uploads\/sites\/2\/2025\/09\/stack-line-1-100x100.png 100w\" sizes=\"auto, (max-width: 120px) 100vw, 120px\" \/>\t\t\t\t\t<\/div>\n\t\t\t\t<\/div>\n\t\t\t<\/div>\n\t\t\t\t<div class=\"icon-box-text last-reset\">\n\t\t\t\t\t\t\t\t\t\n\n<h3>Mercado Objetivo<\/h3>\n<p>Creamos productos para nativos digitales, que han constru\u00eddo identidad en las redes, pero quieren mezclar su atuendo entre el multiverso y el mundo real.<\/p>\n\n\t\t<\/div>\n\t<\/div>\n\t\n\t\n\n\t\t<\/div>\n\t\t\t\t\t<\/div>\n\n\t\n\n<\/div>\n\n\t\t<\/div>\n\t\t\t\t\t<\/div>\n\n\t\n\n<\/div>\n\n\t\t<\/div>\n\t\t\t\t\n<style>\n#col-1004879380 > .col-inner {\n  padding: 30px 30px 30px 30px;\n}\n<\/style>\n\t<\/div>\n\n\t\n\n\t<div id=\"col-192243308\" class=\"col medium-12 small-12 large-6 medium-col-first\"  >\n\t\t\t\t<div class=\"col-inner\"  >\n\t\t\t\n\t\t\t\n\n\n  <div class=\"banner has-hover is-full-height\" id=\"banner-273256480\">\n          <div class=\"banner-inner fill\">\n        <div class=\"banner-bg fill\" >\n            <div class=\"bg fill bg-fill \"><\/div>\n                                    \n                    <\/div>\n\t\t\n        <div class=\"banner-layers container\">\n            <div class=\"fill banner-link\"><\/div>            \n\n   <div id=\"text-box-197217661\" class=\"text-box banner-layer x50 md-x50 lg-x50 y50 md-y50 lg-y50 res-text\">\n                                <div class=\"text-box-content text dark\">\n              \n              <div class=\"text-inner text-center\">\n                  \n\n\n              <\/div>\n           <\/div>\n                            \n<style>\n#text-box-197217661 {\n  width: 60%;\n}\n#text-box-197217661 .text-box-content {\n  font-size: 100%;\n}\n<\/style>\n    <\/div>\n \n\n        <\/div>\n      <\/div>\n\n            \n<style>\n#banner-273256480 {\n  padding-top: 99.99%;\n  background-color: rgba(255, 255, 255, 0);\n}\n#banner-273256480 .bg.bg-loaded {\n  background-image: 917;\n}\n#banner-273256480 .bg {\n  background-position: 52% 100%;\n}\n#banner-273256480 .ux-shape-divider--top svg {\n  height: 150px;\n  --divider-top-width: 100%;\n}\n#banner-273256480 .ux-shape-divider--bottom svg {\n  height: 150px;\n  --divider-width: 100%;\n}\n@media (min-width:550px) {\n  #banner-273256480 {\n    padding-top: 400px;\n  }\n}\n@media (min-width:850px) {\n  #banner-273256480 {\n    padding-top: 100%;\n  }\n}\n<\/style>\n  <\/div>\n\n\n\n\t\t<\/div>\n\t\t\t\t\t<\/div>\n\n\t\n\n<\/div>\n\n\t\t<\/div>\n\n\t\t\n<style>\n#section_455801227 {\n  padding-top: 0px;\n  padding-bottom: 0px;\n}\n#section_455801227 .ux-shape-divider--top svg {\n  height: 150px;\n  --divider-top-width: 100%;\n}\n#section_455801227 .ux-shape-divider--bottom svg {\n  height: 150px;\n  --divider-width: 100%;\n}\n<\/style>\n\t<\/section>\n\t\n\n","protected":false},"excerpt":{"rendered":"","protected":false},"author":1,"featured_media":17,"parent":0,"menu_order":0,"comment_status":"closed","ping_status":"closed","template":"page-blank.php","meta":{"_monsterinsights_skip_tracking":false,"_monsterinsights_sitenote_active":false,"_monsterinsights_sitenote_note":"","_monsterinsights_sitenote_category":0,"footnotes":""},"class_list":["post-844","page","type-page","status-publish","has-post-thumbnail","hentry"],"_links":{"self":[{"href":"https:\/\/takari.com.co\/disfraces-cosplay\/wp-json\/wp\/v2\/pages\/844","targetHints":{"allow":["GET"]}}],"collection":[{"href":"https:\/\/takari.com.co\/disfraces-cosplay\/wp-json\/wp\/v2\/pages"}],"about":[{"href":"https:\/\/takari.com.co\/disfraces-cosplay\/wp-json\/wp\/v2\/types\/page"}],"author":[{"embeddable":true,"href":"https:\/\/takari.com.co\/disfraces-cosplay\/wp-json\/wp\/v2\/users\/1"}],"replies":[{"embeddable":true,"href":"https:\/\/takari.com.co\/disfraces-cosplay\/wp-json\/wp\/v2\/comments?post=844"}],"version-history":[{"count":12,"href":"https:\/\/takari.com.co\/disfraces-cosplay\/wp-json\/wp\/v2\/pages\/844\/revisions"}],"predecessor-version":[{"id":1908,"href":"https:\/\/takari.com.co\/disfraces-cosplay\/wp-json\/wp\/v2\/pages\/844\/revisions\/1908"}],"wp:featuredmedia":[{"embeddable":true,"href":"https:\/\/takari.com.co\/disfraces-cosplay\/wp-json\/wp\/v2\/media\/17"}],"wp:attachment":[{"href":"https:\/\/takari.com.co\/disfraces-cosplay\/wp-json\/wp\/v2\/media?parent=844"}],"curies":[{"name":"wp","href":"https:\/\/api.w.org\/{rel}","templated":true}]}}